 of a and z.
14
Suppose 31 = 10*h - 39. Suppose -448 = -h*o - 0*o. Let s(j) = -15*j + 1. Let m be s(-1). Calculate the highest common divisor of o and m.
16
Let b = -20 + 24. Suppose b = 5*c - 1. Let o be (-6)/(-3) - (3 + -2). Calculate the greatest common divisor of o and c.
1
Suppose -120 = -7*b - 3*b. What is the highest common divisor of 144 and b?
12
Let x = 71 + 46. Suppose 0 = -12*s + 10*s + t + 21, 0 = -4*s - 4*t + 72. Calculate the highest common factor of x and s.
13
Let p(h) = 3*h**2 - 5*h - 2. Let c = -30 + 26. Let i be p(c). Calculate the greatest common divisor of i and 6.
6
Let a = 213 - 203. Calculate the highest common divisor of 60 and a.
10
Let m(a) = -6*a**3 - 3*a**2 + 5*a**2 + 32 - 30. Let f be m(2). Let p = f + 54. Calculate the greatest common divisor of 176 and p.
16
Let j be -1 + (16/(-12))/(12/(-1062)). Calculate the greatest common divisor of j and 429.
39
Suppose 4*y = 5*p + 21, -3*y + 5*p + 12 = -0*p. Calculate the highest common divisor of y and 36.
9
Suppose -11*h - 6698 = -21955. What is the highest common divisor of h and 73?
73
Let u(s) = 3*s - 6. Let k = 9 - 4. Let b be u(k). Let x(f) = 10*f**2 + 131*f + 384. Let p be x(-3). Calculate the highest common divisor of p and b.
9
Let q = -54 + 54. Let k = -26 - -46. Let x be (-24)/k*(q + -60). Calculate the highest common factor of 18 and x.
18
Let v be 39/(-18) - 4/(-24). Let k be (v*3)/((-38)/(-209)). Let d = -21 - k. Calculate the highest common factor of d and 96.
12
Suppose 17 = 2*s - 5*y, 2*s - 2*y = 16 - 2. What is the greatest common divisor of 30 and s?
6
Let b = -6 + 8. Suppose n = 22 - 6. Suppose 3*h - b*k - 37 = 0, -h + 0*h = 5*k + n. What is the highest common factor of 3 and h?
3
Let l(q) = 1 + 6 - 4 - q**2 - 12*q. Let f be l(-9). Calculate the greatest common factor of 150 and f.
30
Suppose -4*t = -m + 22, -5*m + 13*t = 14*t - 68. Calculate the highest common factor of m and 1778.
14
Suppose 5*c + 5*o - 657 = 578, -2*c = 5*o - 494. What is the highest common divisor of 13 and c?
13
Suppose -11 = -h - 2*s, -3 + 5 = s. Suppose 25*z + 63 = 26*z. Calculate the greatest common factor of h and z.
7
Let o be 0/(-5) - (3 - 5). Let f be 147/6 + o/(-4). Calculate the greatest common divisor of f and 72.
24
Suppose -5*f + 155 = -5*o, -4*f + 2*o + 76 = -42. Suppose 0 = 3*x - 7*x + z + 139, 144 = 4*x + 4*z. Calculate the greatest common factor of x and f.
7
Let q = -86 - -6. Let p = q - -161. What is the highest common divisor of p and 9?
9
Let i = 33 + -69. Suppose 3*k + 2*j + 58 = 0, 0 = -3*k - j - 17 - 45. Let l = k - i. Calculate the greatest common factor of 126 and l.
14
Suppose 10*c - 11 = 9*c. Let n = -254 - -153. Let y = n + 189. Calculate the highest common divisor of y and c.
11
Let b be 154/66 + (-10)/(-6). Suppose f + 8 = 4*d, -d - 2*d = 3*f - 21. Calculate the highest common divisor of d and b.
1
Let i(k) = k**2 - 26*k - 115. Let d be i(30). Let r = 2 + -3. Let g be (6 - 1) + 1 + r. What is the greatest common factor of d and g?
5
Let j(n) = -n**2 + 12*n - 31. Let v be j(7). Suppose v*t - 435 - 145 = 0. What is the greatest common factor of 58 and t?
29
Let w = -17 + 18. Let t be 8*8 - (-1)/w. What is the greatest common factor of 26 and t?
13
Let i be 172/22 + 26/143. Suppose i*a = 14 + 26. Suppose -a*u = 7 - 107. Calculate the greatest common divisor of 30 and u.
10
Suppose -l - 4 = -3*l. Suppose -i = 5*w + 2*i - 11, -4*i = 12. Suppose -46 = -w*s + l. What is the highest common factor of 6 and s?
6
Let d = 12 + 0. Let j be 14/(d/5 - (4 - 2)). Calculate the highest common divisor of 7 and j.
7
Let i(n) = -2*n + 3*n - n + 43 + n. Let l be i(-18). What is the greatest common factor of l and 5?
5
Suppose -148 = 3*p + p. Let o = p + 69. Suppose x - o = -3*x. What is the highest common divisor of 20 and x?
4
Suppose 4*k + 3*s - 44 = 0, -5*k = 5*s + 6 - 61. Calculate the greatest common factor of 66 and k.
11
Let l(s) be the first derivative of 5*s**2 - 2*s + 18. Let f be l(5). What is the greatest common factor of f and 48?
48
Let f = 6 + -6. Suppose f = -3*k + 238 + 62. Let x = k - 58. What is the highest common divisor of x and 21?
21
Suppose 5*x + 0*y - 2770 = 5*y, -x = 3*y - 542. What is the highest common factor of x and 19?
19
Suppose 3*i + 3*f - 15 = 0, -2*i + 6*i + 3*f - 22 = 0. What is the highest common factor of i and 203?
7
Let a be (-2)/(-9) - 4888/(-117). Let v(t) = -2*t**2 + 13*t + 8. Let c be v(6). Suppose -c = -3*x + 4. Calculate the highest common divisor of x and a.
6
Suppose 4*m - 944 - 1372 = 0. Let n be m/(-39) + 2/(-13). Let d be (-297)/n - 1/(-5). Calculate the highest common factor of 220 and d.
20
Suppose -3*t = -p + 44, -p + t - 2 = -42. Let c = p + -32. What is the greatest common factor of 54 and c?
6
Suppose -o + 3*q = -128 + 21, -5*o + 2*q = -535. Suppose 0 = -5*b + o + 28. What is the highest common factor of 63 and b?
9
Let k(d) = 2*d**2 - 59*d - 141. Let t be k(32). Let h be (19 + 0)/(1/8). Calculate the greatest common divisor of h and t.
19
Let a = 1 - 0. Let u be (10/(-4) - -4)*-6. Let s be ((-6)/(-9))/((-2)/u). What is the highest common factor of s and a?
1
Suppose 4*z - 34 = y, -y + 4*y - 2*z + 72 = 0. Let t = y - -46. Calculate the greatest common divisor of 36 and t.
12
Let i(f) = -171*f + 11. Let y be i(-1). What is the greatest common factor of 26 and y?
26
Let b be -1 + -2163 + 17 + -19. Let y be b/(-24) - (-9)/12. What is the highest common factor of y and 13?
13
Let s = 338 - 113. What is the greatest common divisor of 45 and s?
45
Let o be 273/(-26)*(-4)/7. Let j be (3 - o)/3*-27. What is the highest common divisor of j and 9?
9
Suppose z + 1 - 6 = 0. Suppose 15 = 3*c, 1703 = z*a - 5*c + 18. Calculate the greatest common factor of 19 and a.
19
Let q be -1 - (11 + -12)*(-30)/(-3). Suppose 4*m + m = -30. Let c(z) = -3*z. Let n be c(m). What is the greatest common factor of n and q?
9
Let o = 62 + -44. Let a(g) = -g**3 + 13*g**2 - 13*g + 30. Let l be a(12). Calculate the greatest common factor of o and l.
18
Let f(v) = v**2 + 58*v - 393. Let b be f(7). Calculate the greatest common factor of 1426 and b.
62
Suppose s - 8 = -s. Suppose s*l - 35 = -p, l + 2*p = -0*l + 14. What is the highest common divisor of l and 1?
1
Let k be 4/2*(-61845)/(-114). Calculate the greatest common divisor of 35 and k.
35
Let d(b) = b**2 - 193*b - 1143. Let g be d(-6). Suppose -4*q + 49 = -19. What is the greatest common divisor of q and g?
17
Let b(s) = 5 + 16 - 15*s + 3*s. Let g be b(-7). Calculate the highest common divisor of g and 70.
35
Suppose y - 40 = 39. Suppose 0 = 3*v - 247 + y. Calculate the highest common divisor of 7 and v.
7
Let n = -569 - -576. Let k(j) = j**3 - 5*j**2 + 2*j + 1. Let f be k(6). What is the greatest common factor of n and f?
7
Let j = -1479 + 1559. What is the greatest common factor of j and 760?
40
Let g(i) = 4*i**3 - 2*i**2 + i. Let s be g(1). Suppose s*b + 5*v - 546 + 21 = 0, 350 = 2*b - 5*v. Let z = 32 - 7. What is the greatest common factor of z and b?
25
Suppose o + 0*l - 4*l - 4 = 0, -3*l + 8 = 2*o. Let y be 1/3*-3 + o. Suppose y*b - 656 = -146. Calculate the greatest common factor of b and 17.
17
Let q be (-5)/6 + 42103/426. What is the greatest common factor of 343 and q?
49
Let c = -3239 + 3358. What is the highest common divisor of 476 and c?
119
Let a(d) = -d + 4. Let w be a(0). Suppose p = w*p + 24. Let f be (68/p)/(2/(-4)). What is the highest common factor of f and 51?
17
Let i be ((-18)/(-7))/(2/28). Suppose 2*p - i = m, 6*m = 2*m. Calculate the highest common factor of 18 and p.
18
Let x(c) = -c**3 - 5*c**2 - 7*c - 8. Let o be x(-4). Let j be (o + -3)*5/((-5)/(-2)). What is the greatest common divisor of j and 10?
2
Suppose 0 = 19*n + 348 - 2172. What is the highest common divisor of n and 448?
32
Let f = -3585 - -3620. Let x(z) = z**3 + 4*z**2 - 5*z - 6. Let a be x(-4). Calculate the highest common divisor of a and f.
7
Let x be (-1 - -1 - -340)*(-3)/(-6). What is the greatest common factor of 68 and x?
34
Let r(t) = 34*t**2 + 118*t + 18. Let p be r(6). What is the greatest common factor of p and 150?
150
Let a be 4 + 0/(16/(-4)). Let p = -118 + 166. Suppose 2*s - p = -a. What is the greatest common factor of 242 and s?
22
Let d(m) = -70*m + 13. Let x(a) = 208*a - 40. Let b(q)